{"id":29,"date":"2013-03-24T20:39:32","date_gmt":"2013-03-24T19:39:32","guid":{"rendered":"http:\/\/yfolk.fr\/web\/?page_id=29"},"modified":"2014-03-22T21:37:21","modified_gmt":"2014-03-22T20:37:21","slug":"informations-pratiques","status":"publish","type":"page","link":"http:\/\/yfolk.fr\/web\/informations-pratiques\/","title":{"rendered":"Informations pratiques"},"content":{"rendered":"<p><img loading=\"lazy\" class=\"alignleft size-full wp-image-45\" alt=\"Y-Folk\" src=\"http:\/\/yfolk.fr\/web\/wp-content\/uploads\/2013\/03\/logo-yfolk.png\" width=\"46\" height=\"70\" \/>La pratique de la danse traditionnelle est tr\u00e8s importante \u00e0 Grenoble et dans les villes de l\u2019agglom\u00e9ration. Y-Folk regroupe des associations et des groupes, d\u00e9di\u00e9s \u00e0 la musique et \u00e0 la danse traditionnelle.<\/p>\n<p>Plusieurs associations organisent \u00e0 la fois des ateliers de danse, des bals folk, parfois aussi des ateliers de musique (en particulier d\u2019accord\u00e9on diatonique). Ces associations ont souvent leur groupe de musiciens. On trouve aussi des groupes de musiciens, parfois f\u00e9d\u00e9r\u00e9s en association, pratiquant une musique d\u00e9di\u00e9e au bal folk. Mustradem est un collectif d\u2019artistes (production de spectacles, de disques, formation musicale). Certains ateliers ont aussi pour cadre une MJC.<\/p>\n<p>Des bals folk sont aussi organis\u00e9s par des associations ayant d\u2019autres int\u00e9r\u00eats, mais d\u00e9sireuses d\u2019organiser un \u00e9v\u00e9nement festif, ou de faire danser au cours d\u2019une manifestation de leur activit\u00e9.<\/p>\n<p>Mieux vaut s\u2019entra\u00eener \u00e0 la pratique des danses traditionnelles pour mieux danser au bal folk ! Vous arrivez dans la r\u00e9gion de Grenoble ? vous voulez <strong>pratiquer la danse traditionnelle<\/strong>, aller danser au bal folk ? le tableau suivant vous aidera \u00e0 faire votre choix selon vos disponibilit\u00e9s. Il vous donne le nom des organisateurs des <strong>ateliers<\/strong>, vous trouverez tous les d\u00e9tails sur leurs sites.<\/p>\n<div class=\"table-responsive\"><table  style=\"width:100%; \"  class=\"easy-table easy-table-default \" border=\"0\">\n<thead>\r\n<tr><th ><\/th>\n<th > Lundi<\/th>\n<th > \u00a0\u00a0\u00a0\u00a0 Mardi<\/th>\n<th > \u00a0\u00a0\u00a0\u00a0 Mercredi<\/th>\n<th > Jeudi<\/th>\n<th > \u00a0\u00a0\u00a0\u00a0\u00a0\u00a0 Vendredi<\/th>\n<\/tr>\n<\/thead>\n<tbody>\r\n<tr><td >Grenoble<\/td>\n<td > <a href=\"http:\/\/www.mjc-allobroges.fr\/\">MJC Allobroges<\/a><\/td>\n<td > <a href=\"http:\/\/www.aremdat.org\/\">AREMDAT<\/a><\/td>\n<td ><\/td>\n<td ><\/td>\n<td ><a href=\"http:\/\/pastourelle.vence.free.fr\/\">Pastourelle de la Vence<\/a><\/td>\n<\/tr>\n\r\n<tr><td >St Martin d&rsquo;H\u00e8res<\/td>\n<td ><\/td>\n<td > <a href=\"http:\/\/www.folkatp.fr\/\">ATP<\/a><\/td>\n<td ><\/td>\n<td ><\/td>\n<\/tr>\n\r\n<tr><td >Echirolles<\/td>\n<td > <a href=\"http:\/\/ensemaille.free.fr\/\">Ensemaille<\/a><\/td>\n<td ><\/td>\n<td ><\/td>\n<td ><\/td>\n<\/tr>\n\r\n<tr><td >Meylan<\/td>\n<td ><\/td>\n<td ><\/td>\n<td ><\/td>\n<td > <a href=\"https:\/\/sites.google.com\/site\/meylanfolk\/\">MeylanFolk<\/a><\/td>\n<\/tr>\n\r\n<tr><td >Sassenage<\/td>\n<td ><\/td>\n<td > <a href=\"http:\/\/rigodonsettraditions.free.fr\/\">Rigodons et Tradition<\/a><\/td>\n<td ><\/td>\n<td > <a href=\"http:\/\/rigodonsettraditions.free.fr\/\">Rigodons et Tradition<\/a><\/td>\n<\/tr>\n\r\n<tr><td >St Egr\u00e8ve<\/td>\n<td ><\/td>\n<td ><\/td>\n<td ><\/td>\n<td > <a href=\"http:\/\/pastourelle.vence.free.fr\/\">Pastourelle de la Vence<\/a><\/td>\n<\/tr>\n\r\n<tr><td >Bernin<\/td>\n<td ><\/td>\n<td ><\/td>\n<td > <a href=\"http:\/\/loupelaya.free.fr\/\">Lou Pelaya<\/a><\/td>\n<td ><\/td>\n<\/tr>\n<\/tbody><\/table><\/div>\n<p>Chaque week-end, plusieurs bals folk sont organis\u00e9s dans l\u2019agglom\u00e9ration grenobloise (voir l&rsquo;<a title=\"Agenda\" href=\"http:\/\/yfolk.fr\/web\/agenda\/\">agenda<\/a>) et chacun peut aller danser selon ce qu\u2019il pr\u00e9f\u00e8re : musique tr\u00e8s traditionnelle, fest-noz, bal gascon, rigodons de notre r\u00e9gion, bal avec beaucoup de danses collectives, bal o\u00f9 on pourra danser plut\u00f4t en couple, bal avec musiciens de style \u00ab n\u00e9o-trad \u00bb : il y en a pour tous les go\u00fbts !<\/p>\n<p>Des stages sont organis\u00e9s certains week-end : il peut s\u2019agir d\u2019un stage d\u00e9di\u00e9 \u00e0 une r\u00e9gion, ou \u00e0 un style de danse. Parfois il y a plusieurs ateliers dans le stage : atelier de danse et atelier de musique. Un ou plusieurs bals folk ont lieu pendant l\u2019\u00e9v\u00e9nement. Ces stages sont annonc\u00e9s sur les sites des associations. <a href=\"http:\/\/www.mustradem.com\/\">Mustradem<\/a> organise deux grands stages d\u2019une semaine avec de nombreux ateliers. L\u2019<a href=\"http:\/\/www.aremdat.org\/\">AREMDAT<\/a> organise un festival durant un week-end (stages, bals, concerts).<\/p>\n<p>&nbsp;<\/p>\n","protected":false},"excerpt":{"rendered":"<p>La pratique de la danse traditionnelle est tr\u00e8s importante \u00e0 Grenoble et dans les villes de l\u2019agglom\u00e9ration. Y-Folk regroupe des associations et des groupes, d\u00e9di\u00e9s \u00e0 la musique et \u00e0 la danse traditionnelle. Plusieurs associations organisent \u00e0 la fois des ateliers de danse, des bals folk, parfois aussi des ateliers de musique (en particulier d\u2019accord\u00e9on [&hellip;]<\/p>\n","protected":false},"author":2,"featured_media":0,"parent":0,"menu_order":0,"comment_status":"open","ping_status":"open","template":"","meta":[],"_links":{"self":[{"href":"http:\/\/yfolk.fr\/web\/wp-json\/wp\/v2\/pages\/29"}],"collection":[{"href":"http:\/\/yfolk.fr\/web\/wp-json\/wp\/v2\/pages"}],"about":[{"href":"http:\/\/yfolk.fr\/web\/wp-json\/wp\/v2\/types\/page"}],"author":[{"embeddable":true,"href":"http:\/\/yfolk.fr\/web\/wp-json\/wp\/v2\/users\/2"}],"replies":[{"embeddable":true,"href":"http:\/\/yfolk.fr\/web\/wp-json\/wp\/v2\/comments?post=29"}],"version-history":[{"count":24,"href":"http:\/\/yfolk.fr\/web\/wp-json\/wp\/v2\/pages\/29\/revisions"}],"predecessor-version":[{"id":161,"href":"http:\/\/yfolk.fr\/web\/wp-json\/wp\/v2\/pages\/29\/revisions\/161"}],"wp:attachment":[{"href":"http:\/\/yfolk.fr\/web\/wp-json\/wp\/v2\/media?parent=29"}],"curies":[{"name":"wp","href":"https:\/\/api.w.org\/{rel}","templated":true}]}}

<p><img loading="lazy" class="alignleft size-full wp-image-45" alt="Y-Folk" src="http://yfolk.fr/web/wp-content/uploads/2013/03/logo-yfolk.png" width="46" height="70" />La pratique de la danse traditionnelle est très importante à Grenoble et dans les villes de l’agglomération. Y-Folk regroupe des associations et des groupes, dédiés à la musique et à la danse traditionnelle.</p>
<p>Plusieurs associations organisent à la fois des ateliers de danse, des bals folk, parfois aussi des ateliers de musique (en particulier d’accordéon diatonique). Ces associations ont souvent leur groupe de musiciens. On trouve aussi des groupes de musiciens, parfois fédérés en association, pratiquant une musique dédiée au bal folk. Mustradem est un collectif d’artistes (production de spectacles, de disques, formation musicale). Certains ateliers ont aussi pour cadre une MJC.</p>
<p>Des bals folk sont aussi organisés par des associations ayant d’autres intérêts, mais désireuses d’organiser un événement festif, ou de faire danser au cours d’une manifestation de leur activité.</p>
<p>Mieux vaut s’entraîner à la pratique des danses traditionnelles pour mieux danser au bal folk ! Vous arrivez dans la région de Grenoble ? vous voulez <strong>pratiquer la danse traditionnelle</strong>, aller danser au bal folk ? le tableau suivant vous aidera à faire votre choix selon vos disponibilités. Il vous donne le nom des organisateurs des <strong>ateliers</strong>, vous trouverez tous les détails sur leurs sites.</p>
<div class="table-responsive"><table  style="width:100%; "  class="easy-table easy-table-default " border="0">
<thead>
<tr><th ></th>
<th > Lundi</th>
<th >      Mardi</th>
<th >      Mercredi</th>
<th > Jeudi</th>
<th >        Vendredi</th>
</tr>
</thead>
<tbody>
<tr><td >Grenoble</td>
<td > <a href="http://www.mjc-allobroges.fr/">MJC Allobroges</a></td>
<td > <a href="http://www.aremdat.org/">AREMDAT</a></td>
<td ></td>
<td ></td>
<td ><a href="http://pastourelle.vence.free.fr/">Pastourelle de la Vence</a></td>
</tr>

<tr><td >St Martin d&rsquo;Hères</td>
<td ></td>
<td > <a href="http://www.folkatp.fr/">ATP</a></td>
<td ></td>
<td ></td>
</tr>

<tr><td >Echirolles</td>
<td > <a href="http://ensemaille.free.fr/">Ensemaille</a></td>
<td ></td>
<td ></td>
<td ></td>
</tr>

<tr><td >Meylan</td>
<td ></td>
<td ></td>
<td ></td>
<td > <a href="https://sites.google.com/site/meylanfolk/">MeylanFolk</a></td>
</tr>

<tr><td >Sassenage</td>
<td ></td>
<td > <a href="http://rigodonsettraditions.free.fr/">Rigodons et Tradition</a></td>
<td ></td>
<td > <a href="http://rigodonsettraditions.free.fr/">Rigodons et Tradition</a></td>
</tr>

<tr><td >St Egrève</td>
<td ></td>
<td ></td>
<td ></td>
<td > <a href="http://pastourelle.vence.free.fr/">Pastourelle de la Vence</a></td>
</tr>

<tr><td >Bernin</td>
<td ></td>
<td ></td>
<td > <a href="http://loupelaya.free.fr/">Lou Pelaya</a></td>
<td ></td>
</tr>
</tbody></table></div>
<p>Chaque week-end, plusieurs bals folk sont organisés dans l’agglomération grenobloise (voir l&rsquo;<a title="Agenda" href="http://yfolk.fr/web/agenda/">agenda</a>) et chacun peut aller danser selon ce qu’il préfère : musique très traditionnelle, fest-noz, bal gascon, rigodons de notre région, bal avec beaucoup de danses collectives, bal où on pourra danser plutôt en couple, bal avec musiciens de style « néo-trad » : il y en a pour tous les goûts !</p>
<p>Des stages sont organisés certains week-end : il peut s’agir d’un stage dédié à une région, ou à un style de danse. Parfois il y a plusieurs ateliers dans le stage : atelier de danse et atelier de musique. Un ou plusieurs bals folk ont lieu pendant l’événement. Ces stages sont annoncés sur les sites des associations. <a href="http://www.mustradem.com/">Mustradem</a> organise deux grands stages d’une semaine avec de nombreux ateliers. L’<a href="http://www.aremdat.org/">AREMDAT</a> organise un festival durant un week-end (stages, bals, concerts).</p>
<p>&nbsp;</p>

<p>La pratique de la danse traditionnelle est très importante à Grenoble et dans les villes de l’agglomération. Y-Folk regroupe des associations et des groupes, dédiés à la musique et à la danse traditionnelle. Plusieurs associations organisent à la fois des ateliers de danse, des bals folk, parfois aussi des ateliers de musique (en particulier d’accordéon [&hellip;]</p>
