{"id":2,"date":"2013-03-24T15:38:21","date_gmt":"2013-03-24T14:38:21","guid":{"rendered":"http:\/\/yfolk.fr\/web\/\/?page_id=2"},"modified":"2014-03-22T21:49:18","modified_gmt":"2014-03-22T20:49:18","slug":"contac","status":"publish","type":"page","link":"http:\/\/yfolk.fr\/web\/contac\/","title":{"rendered":"Contact"},"content":{"rendered":"<p>Y-Folk est un collectif qui fonctionne gr\u00e2ce aux acteurs de l&rsquo;ombre sans qui rien ne marcherait et dont les pilotes joignables sont :<\/p>\n<ul>\n<li>Richard Gallenstein (La Pastourelle de la Vence) : pr\u00e9sident de fait ; coordinateur des r\u00e9unions de pilotage ; coordinateur des bals du mardi de la place Saint-Andr\u00e9 de d\u00e9but juin \u00e0 fin septembre.<\/li>\n<li>Sylvie Olive (Folkadom\u00e8ne) : coordinatrice de l&rsquo;agenda partag\u00e9 Google.<\/li>\n<li>Gabriel Moreau (ATP) : modeste webmaster de ce site web r\u00e9alis\u00e9 avec ikiwiki.<\/li>\n<\/ul>\n<p>Il y a plein de choses faisables qui ne demandent qu&rsquo;un peu de votre temps pour se d\u00e9velopper !<\/p>\n","protected":false},"excerpt":{"rendered":"<p>Y-Folk est un collectif qui fonctionne gr\u00e2ce aux acteurs de l&rsquo;ombre sans qui rien ne marcherait et dont les pilotes joignables sont : Richard Gallenstein (La Pastourelle de la Vence) : pr\u00e9sident de fait ; coordinateur des r\u00e9unions de pilotage ; coordinateur des bals du mardi de la place Saint-Andr\u00e9 de d\u00e9but juin \u00e0 fin [&hellip;]<\/p>\n","protected":false},"author":2,"featured_media":0,"parent":0,"menu_order":9,"comment_status":"closed","ping_status":"closed","template":"","meta":[],"_links":{"self":[{"href":"http:\/\/yfolk.fr\/web\/wp-json\/wp\/v2\/pages\/2"}],"collection":[{"href":"http:\/\/yfolk.fr\/web\/wp-json\/wp\/v2\/pages"}],"about":[{"href":"http:\/\/yfolk.fr\/web\/wp-json\/wp\/v2\/types\/page"}],"author":[{"embeddable":true,"href":"http:\/\/yfolk.fr\/web\/wp-json\/wp\/v2\/users\/2"}],"replies":[{"embeddable":true,"href":"http:\/\/yfolk.fr\/web\/wp-json\/wp\/v2\/comments?post=2"}],"version-history":[{"count":11,"href":"http:\/\/yfolk.fr\/web\/wp-json\/wp\/v2\/pages\/2\/revisions"}],"predecessor-version":[{"id":166,"href":"http:\/\/yfolk.fr\/web\/wp-json\/wp\/v2\/pages\/2\/revisions\/166"}],"wp:attachment":[{"href":"http:\/\/yfolk.fr\/web\/wp-json\/wp\/v2\/media?parent=2"}],"curies":[{"name":"wp","href":"https:\/\/api.w.org\/{rel}","templated":true}]}}

<p>Y-Folk est un collectif qui fonctionne grâce aux acteurs de l&rsquo;ombre sans qui rien ne marcherait et dont les pilotes joignables sont :</p>
<ul>
<li>Richard Gallenstein (La Pastourelle de la Vence) : président de fait ; coordinateur des réunions de pilotage ; coordinateur des bals du mardi de la place Saint-André de début juin à fin septembre.</li>
<li>Sylvie Olive (Folkadomène) : coordinatrice de l&rsquo;agenda partagé Google.</li>
<li>Gabriel Moreau (ATP) : modeste webmaster de ce site web réalisé avec ikiwiki.</li>
</ul>
<p>Il y a plein de choses faisables qui ne demandent qu&rsquo;un peu de votre temps pour se développer !</p>

<p>Y-Folk est un collectif qui fonctionne grâce aux acteurs de l&rsquo;ombre sans qui rien ne marcherait et dont les pilotes joignables sont : Richard Gallenstein (La Pastourelle de la Vence) : président de fait ; coordinateur des réunions de pilotage ; coordinateur des bals du mardi de la place Saint-André de début juin à fin [&hellip;]</p>
